{"id":18297,"date":"2020-07-01T19:00:01","date_gmt":"2020-07-01T17:00:01","guid":{"rendered":"https:\/\/www.kiwoko.com\/blogmundoanimal\/?page_id=18297"},"modified":"2024-01-30T16:23:42","modified_gmt":"2024-01-30T15:23:42","slug":"el-podcast-de-kiwoko","status":"publish","type":"page","link":"https:\/\/www.kiwoko.com\/blogmundoanimal\/el-podcast-de-kiwoko\/","title":{"rendered":"Escucha Mundo Animal &#8211; El Podcast de Kiwoko"},"content":{"rendered":"<!-- wp:paragraph -->\n<p>En nuestro <strong>canal de podcast de Kiwoko<\/strong>, Laura Montes, auxiliar veterinaria y due\u00f1a de dos adorables d\u00e1lmatas, repasa junto a destacados profesionales del mundo animal los temas que m\u00e1s os interesan relacionados  con las perros, gatos, peces, peque\u00f1os animales, reptiles.  Hablamos de<strong> nutrici\u00f3n, adiestramiento, comportamiento, viajes, juegos<\/strong>  mucho m\u00e1s... <\/p>\n<!-- \/wp:paragraph -->\n\n<!-- wp:html -->\n<style>.entry-content{background:#FFFFFF;}<\/style>\n<!-- \/wp:html -->\n\n<!-- wp:html -->\n<iframe data-src=\"https:\/\/www.ivoox.com\/player_es_podcast_904547_1.html\" width=\"100%\" style=\"border: 1px solid #D7D7D7;\" height=\"440\" frameborder=\"0\" allowfullscreen=\"0\" scrolling=\"no\" src=\"data:image\/svg+xml;base64,PHN2ZyB3aWR0aD0iMSIgaGVpZ2h0PSIxIiB4bWxucz0iaHR0cDovL3d3dy53My5vcmcvMjAwMC9zdmciPjwvc3ZnPg==\" class=\"lazyload\" data-load-mode=\"1\"><\/iframe>\n<!-- \/wp:html -->\n\n<!-- wp:paragraph -->\n<p>Tambi\u00e9n tienes <strong>todos los programas disponibles<\/strong> en estas plataformas. <\/p>\n<!-- \/wp:paragraph -->\n\n<!-- wp:paragraph {\"align\":\"center\",\"style\":{\"color\":{\"background\":\"#e20b12\"}},\"textColor\":\"very-light-gray\",\"fontSize\":\"medium\"} -->\n<p class=\"has-text-align-center has-very-light-gray-color has-text-color has-background has-medium-font-size\" style=\"background-color:#e20b12\"><strong>\u00a1Suscr\u00edbete!<\/strong><\/p>\n<!-- \/wp:paragraph -->\n\n<!-- wp:image {\"align\":\"center\",\"id\":18312,\"linkDestination\":\"custom\"} -->\n<figure class=\"wp-block-image aligncenter\"><a href=\"https:\/\/open.spotify.com\/show\/1i2KO6ufVBLpc6qyG1unTo\" target=\"_blank\" rel=\"noreferrer noopener\"><img decoding=\"async\" width=\"200\" height=\"60\" data-src=\"https:\/\/www.kiwoko.com\/blogmundoanimal\/wp-content\/uploads\/2020\/05\/spotify-logo.png\" alt=\"Mundo Kiwoko - El Podcast de Kiwoko en Spotify\" class=\"wp-image-18312 lazyload\" src=\"data:image\/svg+xml;base64,PHN2ZyB3aWR0aD0iMSIgaGVpZ2h0PSIxIiB4bWxucz0iaHR0cDovL3d3dy53My5vcmcvMjAwMC9zdmciPjwvc3ZnPg==\" style=\"--smush-placeholder-width: 200px; --smush-placeholder-aspect-ratio: 200\/60;\" \/><\/a><\/figure>\n<!-- \/wp:image -->\n\n<!-- wp:image {\"align\":\"center\",\"id\":18329,\"linkDestination\":\"custom\"} -->\n<figure class=\"wp-block-image aligncenter\"><a href=\"https:\/\/www.ivoox.com\/podcast-mundo-animal-el-podcast-kiwoko_sq_f1904547_1.html\" target=\"_blank\" rel=\"noreferrer noopener\"><img decoding=\"async\" width=\"200\" height=\"60\" data-src=\"https:\/\/www.kiwoko.com\/blogmundoanimal\/wp-content\/uploads\/2020\/05\/ivoox-logo.png\" alt=\"Mundo Kiwoko - El Podcast de Kiwoko en Ivoxx\" class=\"wp-image-18329 lazyload\" src=\"data:image\/svg+xml;base64,PHN2ZyB3aWR0aD0iMSIgaGVpZ2h0PSIxIiB4bWxucz0iaHR0cDovL3d3dy53My5vcmcvMjAwMC9zdmciPjwvc3ZnPg==\" style=\"--smush-placeholder-width: 200px; --smush-placeholder-aspect-ratio: 200\/60;\" \/><\/a><\/figure>\n<!-- \/wp:image -->\n\n<!-- wp:image {\"align\":\"center\",\"id\":18330,\"linkDestination\":\"custom\"} -->\n<figure class=\"wp-block-image aligncenter\"><a href=\"https:\/\/podcasts.apple.com\/es\/podcast\/mundo-animal-el-podcast-de-kiwoko\/id1510736814\" target=\"_blank\" rel=\"noreferrer noopener\"><img decoding=\"async\" width=\"200\" height=\"60\" data-src=\"https:\/\/www.kiwoko.com\/blogmundoanimal\/wp-content\/uploads\/2020\/05\/itunes-logo.png\" alt=\"Mundo Kiwoko - El Podcast de Kiwoko en Itunes\" class=\"wp-image-18330 lazyload\" src=\"data:image\/svg+xml;base64,PHN2ZyB3aWR0aD0iMSIgaGVpZ2h0PSIxIiB4bWxucz0iaHR0cDovL3d3dy53My5vcmcvMjAwMC9zdmciPjwvc3ZnPg==\" style=\"--smush-placeholder-width: 200px; --smush-placeholder-aspect-ratio: 200\/60;\" \/><\/a><\/figure>\n<!-- \/wp:image -->\n\n<!-- wp:spacer {\"height\":\"20px\"} -->\n<div style=\"height:20px\" aria-hidden=\"true\" class=\"wp-block-spacer\"><\/div>\n<!-- \/wp:spacer -->\n\n<!-- wp:separator {\"opacity\":\"css\"} -->\n<hr class=\"wp-block-separator has-css-opacity\"\/>\n<!-- \/wp:separator -->\n\n<!-- wp:spacer {\"height\":\"20px\"} -->\n<div style=\"height:20px\" aria-hidden=\"true\" class=\"wp-block-spacer\"><\/div>\n<!-- \/wp:spacer -->","protected":false},"excerpt":{"rendered":"<p>En nuestro canal de podcast de Kiwoko, Laura Montes, auxiliar veterinaria y due\u00f1a de dos adorables d\u00e1lmatas, repasa junto a destacados profesionales del mundo animal los temas que m\u00e1s os interesan relacionados con las perros, gatos, peces, peque\u00f1os animales, reptiles. Hablamos de nutrici\u00f3n, adiestramiento, comportamiento, viajes, juegos mucho m\u00e1s&#8230; Tambi\u00e9n tienes todos los programas disponibles [&hellip;]<\/p>\n","protected":false},"author":40,"featured_media":18570,"parent":0,"menu_order":0,"comment_status":"closed","ping_status":"closed","template":"","meta":{"_acf_changed":false,"footnotes":""},"class_list":["post-18297","page","type-page","status-publish","has-post-thumbnail","hentry"],"acf":[],"_links":{"self":[{"href":"https:\/\/www.kiwoko.com\/blogmundoanimal\/wp-json\/wp\/v2\/pages\/18297","targetHints":{"allow":["GET"]}}],"collection":[{"href":"https:\/\/www.kiwoko.com\/blogmundoanimal\/wp-json\/wp\/v2\/pages"}],"about":[{"href":"https:\/\/www.kiwoko.com\/blogmundoanimal\/wp-json\/wp\/v2\/types\/page"}],"author":[{"embeddable":true,"href":"https:\/\/www.kiwoko.com\/blogmundoanimal\/wp-json\/wp\/v2\/users\/40"}],"replies":[{"embeddable":true,"href":"https:\/\/www.kiwoko.com\/blogmundoanimal\/wp-json\/wp\/v2\/comments?post=18297"}],"version-history":[{"count":84,"href":"https:\/\/www.kiwoko.com\/blogmundoanimal\/wp-json\/wp\/v2\/pages\/18297\/revisions"}],"predecessor-version":[{"id":44885,"href":"https:\/\/www.kiwoko.com\/blogmundoanimal\/wp-json\/wp\/v2\/pages\/18297\/revisions\/44885"}],"wp:featuredmedia":[{"embeddable":true,"href":"https:\/\/www.kiwoko.com\/blogmundoanimal\/wp-json\/wp\/v2\/media\/18570"}],"wp:attachment":[{"href":"https:\/\/www.kiwoko.com\/blogmundoanimal\/wp-json\/wp\/v2\/media?parent=18297"}],"curies":[{"name":"wp","href":"https:\/\/api.w.org\/{rel}","templated":true}]}}