{"id":2098,"date":"2019-08-05T16:01:36","date_gmt":"2019-08-05T16:01:36","guid":{"rendered":"https:\/\/dev-kiwoko-es.on-dev.com\/blogmundoanimal\/?page_id=2098"},"modified":"2020-08-13T10:28:09","modified_gmt":"2020-08-13T08:28:09","slug":"guia-completa-hamsters","status":"publish","type":"page","link":"https:\/\/www.kiwoko.com\/blogmundoanimal\/guia-completa-hamsters\/","title":{"rendered":"Gu\u00eda completa sobre los h\u00e1msters"},"content":{"rendered":"<div id=\"ez-toc-container\" class=\"ez-toc-v2_0_82_2 counter-hierarchy ez-toc-counter ez-toc-grey ez-toc-container-direction\">\n<div class=\"ez-toc-title-container\">\n<p class=\"ez-toc-title\" style=\"cursor:inherit\">\u00cdndice<\/p>\n<span class=\"ez-toc-title-toggle\"><a href=\"#\" class=\"ez-toc-pull-right ez-toc-btn ez-toc-btn-xs ez-toc-btn-default ez-toc-toggle\" aria-label=\"Alternar tabla de contenidos\"><span class=\"ez-toc-js-icon-con\"><span class=\"\"><span class=\"eztoc-hide\" style=\"display:none;\">Toggle<\/span><span class=\"ez-toc-icon-toggle-span\"><svg style=\"fill: #999;color:#999\" xmlns=\"http:\/\/www.w3.org\/2000\/svg\" class=\"list-377408\" width=\"20px\" height=\"20px\" viewBox=\"0 0 24 24\" fill=\"none\"><path d=\"M6 6H4v2h2V6zm14 0H8v2h12V6zM4 11h2v2H4v-2zm16 0H8v2h12v-2zM4 16h2v2H4v-2zm16 0H8v2h12v-2z\" fill=\"currentColor\"><\/path><\/svg><svg style=\"fill: #999;color:#999\" class=\"arrow-unsorted-368013\" xmlns=\"http:\/\/www.w3.org\/2000\/svg\" width=\"10px\" height=\"10px\" viewBox=\"0 0 24 24\" version=\"1.2\" baseProfile=\"tiny\"><path d=\"M18.2 9.3l-6.2-6.3-6.2 6.3c-.2.2-.3.4-.3.7s.1.5.3.7c.2.2.4.3.7.3h11c.3 0 .5-.1.7-.3.2-.2.3-.5.3-.7s-.1-.5-.3-.7zM5.8 14.7l6.2 6.3 6.2-6.3c.2-.2.3-.5.3-.7s-.1-.5-.3-.7c-.2-.2-.4-.3-.7-.3h-11c-.3 0-.5.1-.7.3-.2.2-.3.5-.3.7s.1.5.3.7z\"\/><\/svg><\/span><\/span><\/span><\/a><\/span><\/div>\n<nav><ul class='ez-toc-list ez-toc-list-level-1 ' ><li class='ez-toc-page-1 ez-toc-heading-level-2'><a class=\"ez-toc-link ez-toc-heading-1\" href=\"https:\/\/www.kiwoko.com\/blogmundoanimal\/muda-de-pelo-en-hamster-causas-cuidados-y-consejos\/#%C2%BFQue_es_la_muda_de_pelo_en_hamster\" >\u00bfQu\u00e9 es la muda de pelo en h\u00e1mster?<\/a><\/li><li class='ez-toc-page-1 ez-toc-heading-level-2'><a class=\"ez-toc-link ez-toc-heading-2\" href=\"https:\/\/www.kiwoko.com\/blogmundoanimal\/muda-de-pelo-en-hamster-causas-cuidados-y-consejos\/#%C2%BFPor_que_se_le_cae_el_pelo_a_mi_hamster\" >\u00bfPor qu\u00e9 se le cae el pelo a mi h\u00e1mster?<\/a><\/li><li class='ez-toc-page-1 ez-toc-heading-level-2'><a class=\"ez-toc-link ez-toc-heading-3\" href=\"https:\/\/www.kiwoko.com\/blogmundoanimal\/muda-de-pelo-en-hamster-causas-cuidados-y-consejos\/#Como_ayudar_a_mi_hamster_en_epocas_de_muda_de_pelo\" >C\u00f3mo ayudar a mi h\u00e1mster en \u00e9pocas de muda de pelo<\/a><ul class='ez-toc-list-level-3' ><li class='ez-toc-heading-level-3'><a class=\"ez-toc-link ez-toc-heading-4\" href=\"https:\/\/www.kiwoko.com\/blogmundoanimal\/muda-de-pelo-en-hamster-causas-cuidados-y-consejos\/#Cepillado_suave\" >Cepillado suave<\/a><\/li><li class='ez-toc-page-1 ez-toc-heading-level-3'><a class=\"ez-toc-link ez-toc-heading-5\" href=\"https:\/\/www.kiwoko.com\/blogmundoanimal\/muda-de-pelo-en-hamster-causas-cuidados-y-consejos\/#Bano_de_arena\" >Ba\u00f1o de arena<\/a><\/li><li class='ez-toc-page-1 ez-toc-heading-level-3'><a class=\"ez-toc-link ez-toc-heading-6\" href=\"https:\/\/www.kiwoko.com\/blogmundoanimal\/muda-de-pelo-en-hamster-causas-cuidados-y-consejos\/#Dieta_equilibrada\" >Dieta equilibrada<\/a><\/li><\/ul><\/li><li class='ez-toc-page-1 ez-toc-heading-level-2'><a class=\"ez-toc-link ez-toc-heading-7\" href=\"https:\/\/www.kiwoko.com\/blogmundoanimal\/muda-de-pelo-en-hamster-causas-cuidados-y-consejos\/#Como_evitar_que_a_mi_hamster_se_le_caiga_el_pelo\" >C\u00f3mo evitar que a mi h\u00e1mster se le caiga el pelo<\/a><\/li><\/ul><\/nav><\/div>\n<!-- wp:shortcode -->\n                    <div id=\"hamsters\">\n            <div class=\"posts-list\">\n            <div class=\"row\">\n                        <div class=\"col-md-6 0\">\n                <div class=\"kontainer-category 0\">                    <a href=\"https:\/\/www.kiwoko.com\/blogmundoanimal\/hamster-ruso-gris\/\" class=\"post 0\">\n                        <div class=\"post-image lazyload 0\" style=\"background:inherit;background-size:cover;\" data-bg=\"#DDDDDD url(https:\/\/www.kiwoko.com\/blogmundoanimal\/wp-content\/uploads\/2019\/08\/hamster-ruso-gris-78.jpg) no-repeat\"><\/div>\n                        <div class=\"post-text 0\">\n                            <h2>H\u00e1mster ruso gris, sus cuidados y necesidades<\/h2>\n                            En este post te contamos todo lo que debes tener en cuenta para comenzar a cuidar a tu nuevo amigo con muy buen pie y que no le falte...                        <\/div>\n                    <\/a>\n                <\/div>\n            <\/div>\n                        <div class=\"col-md-6 1\">\n                <div class=\"kontainer-category 1\">                    <a href=\"https:\/\/www.kiwoko.com\/blogmundoanimal\/cuanto-vive-un-hamster\/\" class=\"post 1\">\n                        <div class=\"post-image lazyload 1\" style=\"background:inherit;background-size:cover;\" data-bg=\"#DDDDDD url(https:\/\/www.kiwoko.com\/blogmundoanimal\/wp-content\/uploads\/2021\/10\/cuanto-vive-un-hamster-1.jpg) no-repeat\"><\/div>\n                        <div class=\"post-text 1\">\n                            <h2>\u00bfCu\u00e1nto vive un h\u00e1mster? Gu\u00eda completa sobre su esperanza de vida<\/h2>\n                            Adem\u00e1s de responder a esta pregunta, te contamos c\u00f3mo cuidar a tu h\u00e1mster correctamente para alargar su esperanza de vida.                        <\/div>\n                    <\/a>\n                <\/div>\n            <\/div>\n                        <div class=\"col-md-6 2\">\n                <div class=\"kontainer-category 2\">                    <a href=\"https:\/\/www.kiwoko.com\/blogmundoanimal\/que-come-un-hamster-guia-completa-de-alimentacion\/\" class=\"post 2\">\n                        <div class=\"post-image lazyload 2\" style=\"background:inherit;background-size:cover;\" data-bg=\"#DDDDDD url(https:\/\/www.kiwoko.com\/blogmundoanimal\/wp-content\/uploads\/2019\/01\/que-come-un-hamster.jpg) no-repeat\"><\/div>\n                        <div class=\"post-text 2\">\n                            <h2>\u00bfQu\u00e9 come un h\u00e1mster? Los secretos de su dieta perfecta<\/h2>\n                            En este post te contamos qu\u00e9 alimentos pueden comer los h\u00e1mster para que no les falte ning\u00fan tipo de nutriente en su dieta. \u00a1Sigue leyendo!                        <\/div>\n                    <\/a>\n                <\/div>\n            <\/div>\n                        <div class=\"col-md-6 3\">\n                <div class=\"kontainer-category 3\">                    <a href=\"https:\/\/www.kiwoko.com\/blogmundoanimal\/la-hibernacion-de-los-hamsters-todo-lo-que-debes-saber\/\" class=\"post 3\">\n                        <div class=\"post-image lazyload 3\" style=\"background:inherit;background-size:cover;\" data-bg=\"#DDDDDD url(https:\/\/www.kiwoko.com\/blogmundoanimal\/wp-content\/uploads\/2024\/12\/los-hamsters-hibernan.jpg) no-repeat\"><\/div>\n                        <div class=\"post-text 3\">\n                            <h2>La hibernaci\u00f3n de los h\u00e1msters: Todo lo que debes saber<\/h2>\n                            \u00bfAlguna vez te has preguntado si los h\u00e1msters hibernan?&nbsp; Si tienes un peque\u00f1o roedor como animal de compa\u00f1\u00eda, seguramente te habr\u00e1s encontrado en alguna situaci\u00f3n en la que te...                        <\/div>\n                    <\/a>\n                <\/div>\n            <\/div>\n                        <div class=\"col-md-6 4\">\n                <div class=\"kontainer-category 4\">                    <a href=\"https:\/\/www.kiwoko.com\/blogmundoanimal\/como-limpiar-jaula-hamster\/\" class=\"post 4\">\n                        <div class=\"post-image lazyload 4\" style=\"background:inherit;background-size:cover;\" data-bg=\"#DDDDDD url(https:\/\/www.kiwoko.com\/blogmundoanimal\/wp-content\/uploads\/2018\/11\/como-limpiar-la-jaula-de-un-hamster.jpg) no-repeat\"><\/div>\n                        <div class=\"post-text 4\">\n                            <h2>\u00bfC\u00f3mo limpiar la jaula de un h\u00e1mster? Todo lo que necesitas saber<\/h2>\n                            \u00bfTienes problemas para limpiar la suciedad de la jaula de tu h\u00e1mster? En este post te contamos c\u00f3mo limpiar una jaula de h\u00e1mster de forma adecuada y con...                        <\/div>\n                    <\/a>\n                <\/div>\n            <\/div>\n                        <div class=\"col-md-6 5\">\n                <div class=\"kontainer-category 5\">                    <a href=\"https:\/\/www.kiwoko.com\/blogmundoanimal\/hamsters-sus-cuidados-y-necesidades\/\" class=\"post 5\">\n                        <div class=\"post-image lazyload 5\" style=\"background:inherit;background-size:cover;\" data-bg=\"#DDDDDD url(https:\/\/www.kiwoko.com\/blogmundoanimal\/wp-content\/uploads\/2017\/05\/guia-cuidados-necesidades-hamster.png) no-repeat\"><\/div>\n                        <div class=\"post-text 5\">\n                            <h2>H\u00e1mster: Gu\u00eda de cuidados y necesidades<\/h2>\n                            \u00bfAcaba de llegar un peque\u00f1o h\u00e1mster a casa? \u00a1Felicidades! Ahora querr\u00e1s tener todo a punto, te contamos por d\u00f3nde empezar para que tu h\u00e1mster y t\u00fa disfrut\u00e9is al m\u00e1ximo...                        <\/div>\n                    <\/a>\n                <\/div>\n            <\/div>\n                        <div class=\"col-md-6 6\">\n                <div class=\"kontainer-category 6\">                    <a href=\"https:\/\/www.kiwoko.com\/blogmundoanimal\/alimentacion-hamsters-gordos\/\" class=\"post 6\">\n                        <div class=\"post-image lazyload 6\" style=\"background:inherit;background-size:cover;\" data-bg=\"#DDDDDD url(https:\/\/www.kiwoko.com\/blogmundoanimal\/wp-content\/uploads\/2022\/06\/Alimentacion-hasmter-gordito-1.jpg) no-repeat\"><\/div>\n                        <div class=\"post-text 6\">\n                            <h2>Gu\u00eda de alimentaci\u00f3n para h\u00e1msters gorditos<\/h2>\n                            La obesidad en h\u00e1msters no s\u00f3lo afecta a su aspecto, sino que tambi\u00e9n les puede acarrear muchas enfermedades peligrosas con las que pueden, incluso, morir. No pongas en jaque...                        <\/div>\n                    <\/a>\n                <\/div>\n            <\/div>\n                        <div class=\"col-md-6 7\">\n                <div class=\"kontainer-category 7\">                    <a href=\"https:\/\/www.kiwoko.com\/blogmundoanimal\/muda-de-pelo-en-hamster-causas-cuidados-y-consejos\/\" class=\"post 7\">\n                        <div class=\"post-image lazyload 7\" style=\"background:inherit;background-size:cover;\" data-bg=\"#DDDDDD url(https:\/\/www.kiwoko.com\/blogmundoanimal\/wp-content\/uploads\/2023\/10\/muda-de-pelo-en-hamster.jpg) no-repeat\"><\/div>\n                        <div class=\"post-text 7\">\n                            <h2>Muda de pelo en h\u00e1mster: Causas, cuidados y consejos<\/h2>\n                            \u00bfTe has preguntado por qu\u00e9 a tu h\u00e1mster se le cae el pelo? Por norma general, no es algo de lo que preocuparse ya que, en cada cambio de...                        <\/div>\n                    <\/a>\n                <\/div>\n            <\/div>\n            <\/div>\n        <\/div>\n                    <div class=\"row\">\n                <div class=\"col-lg-12 mb-5\">\n                    <button id=\"hamsters-load-more-articles\" class=\"btn load-more\" data-cat=\"\" data-tag=\"hamsters\" data-animal=\"Peque\u00f1os animales\"\n                data-numpost=\"8\">Cargar m\u00e1s articulos<\/button>\n                <\/div>\n            <\/div>\n            <script>\n                document.addEventListener('DOMContentLoaded', function () {\n                const buttons = document.querySelectorAll('.btn.load-more');\n\n                buttons.forEach(function (button) {\n                    button.addEventListener('click', function () {\n                    const title = button.getAttribute('data-title') || '';\n                    const link = button.getAttribute('data-link') || window.location.href;\n                    const position = button.getAttribute('data-position') || '';\n                    const category = button.getAttribute('data-cat') || '';\n                    const linkText = button.innerText || button.textContent;\n\n                    window.dataLayer = window.dataLayer || [];\n                    window.dataLayer.push({\n                        'event': 'blog_mas_articulos',\n                        'event_name': 'blog_mas_articulos',\n                        'position': position,\n                        'link_text': linkText,\n                        'link_url': link,\n                        'category': category,\n                        'product_name': title\n                    });\n                    });\n                });\n                });\n            <\/script> \n                <div id=\"hamsters-loading-elements\" class=\"text-center mt-1 loading-elements\"><div class=\"lds-ellipsis\"><div><\/div><div><\/div><div><\/div><div><\/div><\/div><\/div>\n                    <\/div>\n<!-- \/wp:shortcode -->","protected":false},"excerpt":{"rendered":"<p>\u00bfTe has preguntado por qu\u00e9 a tu h\u00e1mster se le cae el pelo? Por norma general, no es algo de lo que preocuparse ya que, en cada cambio de estaci\u00f3n los h\u00e1mster mudan de pelo. En el art\u00edculo de hoy te desvelaremos todos los secretos de este curioso fen\u00f3meno y te daremos algunos trucos para [&hellip;]<\/p>\n","protected":false},"author":40,"featured_media":19607,"parent":0,"menu_order":0,"comment_status":"closed","ping_status":"closed","template":"","meta":{"_acf_changed":false,"footnotes":""},"class_list":["post-2098","page","type-page","status-publish","has-post-thumbnail","hentry"],"acf":[],"_links":{"self":[{"href":"https:\/\/www.kiwoko.com\/blogmundoanimal\/wp-json\/wp\/v2\/pages\/2098","targetHints":{"allow":["GET"]}}],"collection":[{"href":"https:\/\/www.kiwoko.com\/blogmundoanimal\/wp-json\/wp\/v2\/pages"}],"about":[{"href":"https:\/\/www.kiwoko.com\/blogmundoanimal\/wp-json\/wp\/v2\/types\/page"}],"author":[{"embeddable":true,"href":"https:\/\/www.kiwoko.com\/blogmundoanimal\/wp-json\/wp\/v2\/users\/40"}],"replies":[{"embeddable":true,"href":"https:\/\/www.kiwoko.com\/blogmundoanimal\/wp-json\/wp\/v2\/comments?post=2098"}],"version-history":[{"count":4,"href":"https:\/\/www.kiwoko.com\/blogmundoanimal\/wp-json\/wp\/v2\/pages\/2098\/revisions"}],"predecessor-version":[{"id":36760,"href":"https:\/\/www.kiwoko.com\/blogmundoanimal\/wp-json\/wp\/v2\/pages\/2098\/revisions\/36760"}],"wp:featuredmedia":[{"embeddable":true,"href":"https:\/\/www.kiwoko.com\/blogmundoanimal\/wp-json\/wp\/v2\/media\/19607"}],"wp:attachment":[{"href":"https:\/\/www.kiwoko.com\/blogmundoanimal\/wp-json\/wp\/v2\/media?parent=2098"}],"curies":[{"name":"wp","href":"https:\/\/api.w.org\/{rel}","templated":true}]}}