{"id":3958,"date":"2019-08-07T12:08:04","date_gmt":"2019-08-07T12:08:04","guid":{"rendered":"https:\/\/dev-kiwoko-es.on-dev.com\/blogmundoanimal\/?page_id=3958"},"modified":"2022-12-15T10:46:58","modified_gmt":"2022-12-15T09:46:58","slug":"actualidad-del-sector-mascotas","status":"publish","type":"page","link":"https:\/\/www.kiwoko.com\/blogmundoanimal\/actualidad-del-sector-mascotas\/","title":{"rendered":"Actualidad del sector mascotas"},"content":{"rendered":"<!-- wp:shortcode -->\n                    <div id=\"actualidad\">\n            <div class=\"posts-list\">\n            <div class=\"row\">\n                        <div class=\"col-md-6 0\">\n                <div class=\"kontainer-category 0\">                    <a href=\"https:\/\/www.kiwoko.com\/blogmundoanimal\/ley-bienestar-animal\/\" class=\"post 0\">\n                        <div class=\"post-image lazyload 0\" style=\"background:inherit;background-size:cover;\" data-bg=\"#DDDDDD url(https:\/\/www.kiwoko.com\/blogmundoanimal\/wp-content\/uploads\/2023\/02\/Proyecto-nuevo-58-min.jpg) no-repeat\"><\/div>\n                        <div class=\"post-text 0\">\n                            <h2>Informaci\u00f3n sobre la Ley de Bienestar Animal<\/h2>\n                            Actualizaci\u00f3n: 06 de Marzo de 2025 La conocida como \u201cLey de Bienestar Animal\u201d (\u201cLBA\u201d) regula la protecci\u00f3n de los derechos y el bienestar de los animales. Esta norma ha...                        <\/div>\n                    <\/a>\n                <\/div>\n            <\/div>\n                        <div class=\"col-md-6 1\">\n                <div class=\"kontainer-category 1\">                    <a href=\"https:\/\/www.kiwoko.com\/blogmundoanimal\/ley-de-perros-potencialmente-peligrosos-en-espana\/\" class=\"post 1\">\n                        <div class=\"post-image lazyload 1\" style=\"background:inherit;background-size:cover;\" data-bg=\"#DDDDDD url(https:\/\/www.kiwoko.com\/blogmundoanimal\/wp-content\/uploads\/2021\/12\/ley-perros-potencialmente-peligrosos-21.jpg) no-repeat\"><\/div>\n                        <div class=\"post-text 1\">\n                            <h2>Sobre la Ley de Perros Potencialmente Peligrosos en Espa\u00f1a (Actualizaci\u00f3n 2025)<\/h2>\n                            Se pretende eliminar la lista de Perros Potencialmente Peligrosos. \u00daltima actualizaci\u00f3n sobre la nueva Ley de Bienestar Animal.                        <\/div>\n                    <\/a>\n                <\/div>\n            <\/div>\n                        <div class=\"col-md-6 2\">\n                <div class=\"kontainer-category 2\">                    <a href=\"https:\/\/www.kiwoko.com\/blogmundoanimal\/dia-mundial-del-medio-ambiente\/\" class=\"post 2\">\n                        <div class=\"post-image lazyload 2\" style=\"background:inherit;background-size:cover;\" data-bg=\"#DDDDDD url(https:\/\/www.kiwoko.com\/blogmundoanimal\/wp-content\/uploads\/2024\/06\/Las-huellas-que-dejamos-dia-del-medio-ambiente.jpg) no-repeat\"><\/div>\n                        <div class=\"post-text 2\">\n                            <h2>La huella que dejamos en el medio ambiente<\/h2>\n                            Si alguna vez te has preguntado: \u00bfQu\u00e9 puedo hacer para reducir mi huella ecol\u00f3gica?, debes saber que desde la forma en la que nos movemos, hasta el cuidado de...                        <\/div>\n                    <\/a>\n                <\/div>\n            <\/div>\n                        <div class=\"col-md-6 3\">\n                <div class=\"kontainer-category 3\">                    <a href=\"https:\/\/www.kiwoko.com\/blogmundoanimal\/ley-maltrato-animal-espana\/\" class=\"post 3\">\n                        <div class=\"post-image lazyload 3\" style=\"background:inherit;background-size:cover;\" data-bg=\"#DDDDDD url(https:\/\/www.kiwoko.com\/blogmundoanimal\/wp-content\/uploads\/2021\/08\/ley-sobre-maltrato-animal-en-Espana.jpg) no-repeat\"><\/div>\n                        <div class=\"post-text 3\">\n                            <h2>Informaci\u00f3n sobre el Maltrato Animal y su r\u00e9gimen sancionador en Espa\u00f1a<\/h2>\n                            En Espa\u00f1a no existe una ley de protecci\u00f3n animal \u00fanica que englobe a todas las comunidades. \u00a1Descubre m\u00e1s sobre ello aqu\u00ed!                        <\/div>\n                    <\/a>\n                <\/div>\n            <\/div>\n                        <div class=\"col-md-6 4\">\n                <div class=\"kontainer-category 4\">                    <a href=\"https:\/\/www.kiwoko.com\/blogmundoanimal\/que-es-el-dni-para-mascotas-y-cuando-sera-vigente\/\" class=\"post 4\">\n                        <div class=\"post-image lazyload 4\" style=\"background:inherit;background-size:cover;\" data-bg=\"#DDDDDD url(https:\/\/www.kiwoko.com\/blogmundoanimal\/wp-content\/uploads\/2022\/01\/DNI-para-mascotas-y-cuando-sera-vigente.jpg) no-repeat\"><\/div>\n                        <div class=\"post-text 4\">\n                            <h2><strong>DNI para mascotas, \u00bfmito o realidad?<\/strong><\/h2>\n                            Lee la informaci\u00f3n m\u00e1s reciente sobre el DNI de mascotas y actual\u00edzate en este punto.                        <\/div>\n                    <\/a>\n                <\/div>\n            <\/div>\n                        <div class=\"col-md-6 5\">\n                <div class=\"kontainer-category 5\">                    <a href=\"https:\/\/www.kiwoko.com\/blogmundoanimal\/dia-internacional-de-la-solidaridad-humana\/\" class=\"post 5\">\n                        <div class=\"post-image lazyload 5\" style=\"background:inherit;background-size:cover;\" data-bg=\"#DDDDDD url(https:\/\/www.kiwoko.com\/blogmundoanimal\/wp-content\/uploads\/2021\/12\/Dia-internacional-de-la-solidaridad-humana.jpg) no-repeat\"><\/div>\n                        <div class=\"post-text 5\">\n                            <h2>D\u00eda Internacional de la Solidaridad Humana, una fecha para cuidar a los animales<\/h2>\n                            La celebraci\u00f3n del D\u00eda Internacional de la Solidaridad Humana puede contribuir al bienestar animal                        <\/div>\n                    <\/a>\n                <\/div>\n            <\/div>\n                        <div class=\"col-md-6 6\">\n                <div class=\"kontainer-category 6\">                    <a href=\"https:\/\/www.kiwoko.com\/blogmundoanimal\/feliz-ano-nuevo\/\" class=\"post 6\">\n                        <div class=\"post-image lazyload 6\" style=\"background:inherit;background-size:cover;\" data-bg=\"#DDDDDD url(https:\/\/www.kiwoko.com\/blogmundoanimal\/wp-content\/uploads\/2019\/12\/feliz-a\u00f1o-nuevo-kiwoko.jpg) no-repeat\"><\/div>\n                        <div class=\"post-text 6\">\n                            <h2>\u00a1Feliz A\u00f1o Nuevo!<\/h2>\n                            Ha llegado el momento de hacer balance con tu mascota y pedirle un mont\u00f3n de cosas buenas al nuevo a\u00f1o que entra. Repasamos contigo lo maravillosa que es la...                        <\/div>\n                    <\/a>\n                <\/div>\n            <\/div>\n            <\/div>\n        <\/div>\n                    <div class=\"row\">\n                <div class=\"col-lg-12 mb-5\">\n                    <button id=\"actualidad-load-more-articles\" class=\"btn load-more\" data-cat=\"\" data-tag=\"actualidad\" data-animal=\"\"\n                data-numpost=\"8\">Cargar m\u00e1s articulos<\/button>\n                <\/div>\n            <\/div>\n            <script>\n                document.addEventListener('DOMContentLoaded', function () {\n                const buttons = document.querySelectorAll('.btn.load-more');\n\n                buttons.forEach(function (button) {\n                    button.addEventListener('click', function () {\n                    const title = button.getAttribute('data-title') || '';\n                    const link = button.getAttribute('data-link') || window.location.href;\n                    const position = button.getAttribute('data-position') || '';\n                    const category = button.getAttribute('data-cat') || '';\n                    const linkText = button.innerText || button.textContent;\n\n                    window.dataLayer = window.dataLayer || [];\n                    window.dataLayer.push({\n                        'event': 'blog_mas_articulos',\n                        'event_name': 'blog_mas_articulos',\n                        'position': position,\n                        'link_text': linkText,\n                        'link_url': link,\n                        'category': category,\n                        'product_name': title\n                    });\n                    });\n                });\n                });\n            <\/script> \n                <div id=\"actualidad-loading-elements\" class=\"text-center mt-1 loading-elements\"><div class=\"lds-ellipsis\"><div><\/div><div><\/div><div><\/div><div><\/div><\/div><\/div>\n                    <\/div>\n<!-- \/wp:shortcode -->","protected":false},"excerpt":{"rendered":"<p>Antes de comernos las uvas y pensar en doce deseos (como m\u00ednimo) queremos repasar contigo un a\u00f1o lleno de amor animal, porque seguro que no son pocas las an\u00e9cdotas que ha dejado este 2019 tu mejor amigo en casa, \u00bfverdad? Por un 2020 repleto de pelos, escamas y plumas Te despiertan cada d\u00eda, te esperan [&hellip;]<\/p>\n","protected":false},"author":40,"featured_media":11055,"parent":0,"menu_order":0,"comment_status":"closed","ping_status":"closed","template":"","meta":{"_acf_changed":false,"footnotes":""},"class_list":["post-3958","page","type-page","status-publish","has-post-thumbnail","hentry"],"acf":[],"_links":{"self":[{"href":"https:\/\/www.kiwoko.com\/blogmundoanimal\/wp-json\/wp\/v2\/pages\/3958","targetHints":{"allow":["GET"]}}],"collection":[{"href":"https:\/\/www.kiwoko.com\/blogmundoanimal\/wp-json\/wp\/v2\/pages"}],"about":[{"href":"https:\/\/www.kiwoko.com\/blogmundoanimal\/wp-json\/wp\/v2\/types\/page"}],"author":[{"embeddable":true,"href":"https:\/\/www.kiwoko.com\/blogmundoanimal\/wp-json\/wp\/v2\/users\/40"}],"replies":[{"embeddable":true,"href":"https:\/\/www.kiwoko.com\/blogmundoanimal\/wp-json\/wp\/v2\/comments?post=3958"}],"version-history":[{"count":1,"href":"https:\/\/www.kiwoko.com\/blogmundoanimal\/wp-json\/wp\/v2\/pages\/3958\/revisions"}],"predecessor-version":[{"id":3959,"href":"https:\/\/www.kiwoko.com\/blogmundoanimal\/wp-json\/wp\/v2\/pages\/3958\/revisions\/3959"}],"wp:featuredmedia":[{"embeddable":true,"href":"https:\/\/www.kiwoko.com\/blogmundoanimal\/wp-json\/wp\/v2\/media\/11055"}],"wp:attachment":[{"href":"https:\/\/www.kiwoko.com\/blogmundoanimal\/wp-json\/wp\/v2\/media?parent=3958"}],"curies":[{"name":"wp","href":"https:\/\/api.w.org\/{rel}","templated":true}]}}