{"id":52944,"date":"2025-12-02T14:11:38","date_gmt":"2025-12-02T13:11:38","guid":{"rendered":"https:\/\/www.kiwoko.com\/blogmundoanimal\/?page_id=52944"},"modified":"2025-12-04T15:17:09","modified_gmt":"2025-12-04T14:17:09","slug":"invierno-con-gatos","status":"publish","type":"page","link":"https:\/\/www.kiwoko.com\/blogmundoanimal\/invierno-con-gatos\/","title":{"rendered":"Todo lo que tu gato necesita para un invierno calentito"},"content":{"rendered":"<div id=\"ez-toc-container\" class=\"ez-toc-v2_0_82_2 counter-hierarchy ez-toc-counter ez-toc-grey ez-toc-container-direction\">\n<div class=\"ez-toc-title-container\">\n<p class=\"ez-toc-title\" style=\"cursor:inherit\">\u00cdndice<\/p>\n<span class=\"ez-toc-title-toggle\"><a href=\"#\" class=\"ez-toc-pull-right ez-toc-btn ez-toc-btn-xs ez-toc-btn-default ez-toc-toggle\" aria-label=\"Alternar tabla de contenidos\"><span class=\"ez-toc-js-icon-con\"><span class=\"\"><span class=\"eztoc-hide\" style=\"display:none;\">Toggle<\/span><span class=\"ez-toc-icon-toggle-span\"><svg style=\"fill: #999;color:#999\" xmlns=\"http:\/\/www.w3.org\/2000\/svg\" class=\"list-377408\" width=\"20px\" height=\"20px\" viewBox=\"0 0 24 24\" fill=\"none\"><path d=\"M6 6H4v2h2V6zm14 0H8v2h12V6zM4 11h2v2H4v-2zm16 0H8v2h12v-2zM4 16h2v2H4v-2zm16 0H8v2h12v-2z\" fill=\"currentColor\"><\/path><\/svg><svg style=\"fill: #999;color:#999\" class=\"arrow-unsorted-368013\" xmlns=\"http:\/\/www.w3.org\/2000\/svg\" width=\"10px\" height=\"10px\" viewBox=\"0 0 24 24\" version=\"1.2\" baseProfile=\"tiny\"><path d=\"M18.2 9.3l-6.2-6.3-6.2 6.3c-.2.2-.3.4-.3.7s.1.5.3.7c.2.2.4.3.7.3h11c.3 0 .5-.1.7-.3.2-.2.3-.5.3-.7s-.1-.5-.3-.7zM5.8 14.7l6.2 6.3 6.2-6.3c.2-.2.3-.5.3-.7s-.1-.5-.3-.7c-.2-.2-.4-.3-.7-.3h-11c-.3 0-.5.1-.7.3-.2.2-.3.5-.3.7s.1.5.3.7z\"\/><\/svg><\/span><\/span><\/span><\/a><\/span><\/div>\n<nav><ul class='ez-toc-list ez-toc-list-level-1 ' ><li class='ez-toc-page-1 ez-toc-heading-level-2'><a class=\"ez-toc-link ez-toc-heading-1\" href=\"https:\/\/www.kiwoko.com\/blogmundoanimal\/cual-es-la-temperatura-ambiente-ideal-para-los-gatos\/#%C2%BFCual_es_la_temperatura_ambiente_ideal_para_gatos\" >\u00bfCu\u00e1l es la temperatura ambiente ideal para gatos?<\/a><\/li><li class='ez-toc-page-1 ez-toc-heading-level-2'><a class=\"ez-toc-link ez-toc-heading-2\" href=\"https:\/\/www.kiwoko.com\/blogmundoanimal\/cual-es-la-temperatura-ambiente-ideal-para-los-gatos\/#%C2%BFComo_saber_cuando_un_gato_tiene_frio\" >\u00bfC\u00f3mo saber cuando un gato tiene fr\u00edo?<\/a><\/li><li class='ez-toc-page-1 ez-toc-heading-level-2'><a class=\"ez-toc-link ez-toc-heading-3\" href=\"https:\/\/www.kiwoko.com\/blogmundoanimal\/cual-es-la-temperatura-ambiente-ideal-para-los-gatos\/#Temperatura_baja_en_gatos_no_todos_los_gatos_lo_pasan_tan_mal\" >Temperatura baja en gatos: no todos los gatos lo pasan tan mal<\/a><\/li><li class='ez-toc-page-1 ez-toc-heading-level-2'><a class=\"ez-toc-link ez-toc-heading-4\" href=\"https:\/\/www.kiwoko.com\/blogmundoanimal\/cual-es-la-temperatura-ambiente-ideal-para-los-gatos\/#Consejos_para_que_tu_gato_soporte_la_bajada_de_las_temperaturas\" >Consejos para que tu gato soporte la bajada de las temperaturas<\/a><ul class='ez-toc-list-level-3' ><li class='ez-toc-heading-level-3'><a class=\"ez-toc-link ez-toc-heading-5\" href=\"https:\/\/www.kiwoko.com\/blogmundoanimal\/cual-es-la-temperatura-ambiente-ideal-para-los-gatos\/#Buena_alimentacion\" >Buena alimentaci\u00f3n<\/a><\/li><li class='ez-toc-page-1 ez-toc-heading-level-3'><a class=\"ez-toc-link ez-toc-heading-6\" href=\"https:\/\/www.kiwoko.com\/blogmundoanimal\/cual-es-la-temperatura-ambiente-ideal-para-los-gatos\/#Calefaccion\" >Calefacci\u00f3n<\/a><\/li><li class='ez-toc-page-1 ez-toc-heading-level-3'><a class=\"ez-toc-link ez-toc-heading-7\" href=\"https:\/\/www.kiwoko.com\/blogmundoanimal\/cual-es-la-temperatura-ambiente-ideal-para-los-gatos\/#Refugio_para_gatos\" >Refugio para gatos<\/a><\/li><\/ul><\/li><\/ul><\/nav><\/div>\n<!-- wp:paragraph -->\n<p>Cuando bajan las temperaturas, nuestros peludos tambi\u00e9n lo notan. Por eso, en Kiwoko hemos preparado <strong>todo lo que necesitas para que tu gato pase un invierno calentito<\/strong>, seguro y feliz. Descubre nuestros mejores consejos para mantener su energ\u00eda en los d\u00edas m\u00e1s fr\u00edos. Los mejores productos, recomendaciones... \u00a1Y mucho m\u00e1s!  Haz de esta temporada una <strong>\u00e9poca acogedora e inolvidable<\/strong> para tu mejor amigo.<\/p>\n<!-- \/wp:paragraph -->\n\n<!-- wp:shortcode -->\n                    <div id=\"invierno\">\n            <div class=\"posts-list\">\n            <div class=\"row\">\n                        <div class=\"col-md-6 0\">\n                <div class=\"kontainer-category 0\">                    <a href=\"https:\/\/www.kiwoko.com\/blogmundoanimal\/como-proteger-gato-del-frio\/\" class=\"post 0\">\n                        <div class=\"post-image lazyload 0\" style=\"background:inherit;background-size:cover;\" data-bg=\"#DDDDDD url(https:\/\/www.kiwoko.com\/blogmundoanimal\/wp-content\/uploads\/2022\/11\/los-gatos-tienen-frio.jpg) no-repeat\"><\/div>\n                        <div class=\"post-text 0\">\n                            <h2>C\u00f3mo proteger a los gatos del fr\u00edo: Todo lo que necesitas saber<\/h2>\n                            En este post te contamos c\u00f3mo viven el fr\u00edo los gatos y como puedes hacer para protegerlo en los meses de bajas temperaturas.                        <\/div>\n                    <\/a>\n                <\/div>\n            <\/div>\n                        <div class=\"col-md-6 1\">\n                <div class=\"kontainer-category 1\">                    <a href=\"https:\/\/www.kiwoko.com\/blogmundoanimal\/los-gatos-duermen-mas-en-invierno-guia\/\" class=\"post 1\">\n                        <div class=\"post-image lazyload 1\" style=\"background:inherit;background-size:cover;\" data-bg=\"#DDDDDD url(https:\/\/www.kiwoko.com\/blogmundoanimal\/wp-content\/uploads\/2025\/12\/cuanto-duermeun-gato-en-invierno.jpg) no-repeat\"><\/div>\n                        <div class=\"post-text 1\">\n                            <h2>\u00bfLos gatos duermen m\u00e1s en invierno? Todo lo que debes saber<\/h2>\n                            \u00bfAlguna vez te has sorprendido al ver a tu gato durmiendo horas y horas durante los meses m\u00e1s fr\u00edos? Si eres de los que piensa que tu minino se...                        <\/div>\n                    <\/a>\n                <\/div>\n            <\/div>\n                        <div class=\"col-md-6 2\">\n                <div class=\"kontainer-category 2\">                    <a href=\"https:\/\/www.kiwoko.com\/blogmundoanimal\/mejores-camas-calientes-para-gatos-guia\/\" class=\"post 2\">\n                        <div class=\"post-image lazyload 2\" style=\"background:inherit;background-size:cover;\" data-bg=\"#DDDDDD url(https:\/\/www.kiwoko.com\/blogmundoanimal\/wp-content\/uploads\/2025\/01\/camas-calientes-para-gatos.jpg) no-repeat\"><\/div>\n                        <div class=\"post-text 2\">\n                            <h2>Las mejores camas calientes para gatos: Gu\u00eda para su cuidado en invierno<\/h2>\n                            Cuando llega el fr\u00edo, nuestros gatos suelen buscar los rincones m\u00e1s c\u00e1lidos de la casa. Y es que, a los felinos les encanta dormir durante horas y, cuando las...                        <\/div>\n                    <\/a>\n                <\/div>\n            <\/div>\n                        <div class=\"col-md-6 3\">\n                <div class=\"kontainer-category 3\">                    <a href=\"https:\/\/www.kiwoko.com\/blogmundoanimal\/proteger-mascota-durante-el-invierno\/\" class=\"post 3\">\n                        <div class=\"post-image lazyload 3\" style=\"background:inherit;background-size:cover;\" data-bg=\"#DDDDDD url(https:\/\/www.kiwoko.com\/blogmundoanimal\/wp-content\/uploads\/2019\/11\/cuidado-de-animales-de-compania-en-invierno.jpg) no-repeat\"><\/div>\n                        <div class=\"post-text 3\">\n                            <h2>Gu\u00eda completa para cuidar a tu animal de compa\u00f1\u00eda durante el invierno<\/h2>\n                            Adaptar su paseo o su alimentaci\u00f3n, adem\u00e1s de abrigarla, son algunos de los consejos para proteger a tu mascota del fr\u00edo en invierno.                        <\/div>\n                    <\/a>\n                <\/div>\n            <\/div>\n                        <div class=\"col-md-6 4\">\n                <div class=\"kontainer-category 4\">                    <a href=\"https:\/\/www.kiwoko.com\/blogmundoanimal\/cual-es-la-temperatura-ambiente-ideal-para-los-gatos\/\" class=\"post 4\">\n                        <div class=\"post-image lazyload 4\" style=\"background:inherit;background-size:cover;\" data-bg=\"#DDDDDD url(https:\/\/www.kiwoko.com\/blogmundoanimal\/wp-content\/uploads\/2021\/11\/Preparate-para-el-frio.jpg) no-repeat\"><\/div>\n                        <div class=\"post-text 4\">\n                            <h2>Prep\u00e1rate para el fr\u00edo: \u00bfCu\u00e1l es la temperatura ambiente ideal para los gatos?<\/h2>\n                            \u00bfSab\u00edas que los gatos tambi\u00e9n pasan fr\u00edo en invierno? Te contamos cu\u00e1l es la temperatura ambiente ideal para ellos y c\u00f3mo puedes ayudarlos.                        <\/div>\n                    <\/a>\n                <\/div>\n            <\/div>\n            <\/div>\n        <\/div>\n                    <div class=\"row\">\n                <div class=\"col-lg-12 mb-5\">\n                    <button id=\"invierno-load-more-articles\" class=\"btn load-more\" data-cat=\"\" data-tag=\"invierno\" data-animal=\"Gatos\"\n                data-numpost=\"6\">Cargar m\u00e1s articulos<\/button>\n                <\/div>\n            <\/div>\n            <script>\n                document.addEventListener('DOMContentLoaded', function () {\n                const buttons = document.querySelectorAll('.btn.load-more');\n\n                buttons.forEach(function (button) {\n                    button.addEventListener('click', function () {\n                    const title = button.getAttribute('data-title') || '';\n                    const link = button.getAttribute('data-link') || window.location.href;\n                    const position = button.getAttribute('data-position') || '';\n                    const category = button.getAttribute('data-cat') || '';\n                    const linkText = button.innerText || button.textContent;\n\n                    window.dataLayer = window.dataLayer || [];\n                    window.dataLayer.push({\n                        'event': 'blog_mas_articulos',\n                        'event_name': 'blog_mas_articulos',\n                        'position': position,\n                        'link_text': linkText,\n                        'link_url': link,\n                        'category': category,\n                        'product_name': title\n                    });\n                    });\n                });\n                });\n            <\/script> \n                <div id=\"invierno-loading-elements\" class=\"text-center mt-1 loading-elements\"><div class=\"lds-ellipsis\"><div><\/div><div><\/div><div><\/div><div><\/div><\/div><\/div>\n                    <\/div>\n<!-- \/wp:shortcode -->\n\n<!-- wp:image {\"id\":52946,\"sizeSlug\":\"full\",\"linkDestination\":\"none\"} -->\n<figure class=\"wp-block-image size-full\"><img decoding=\"async\" width=\"850\" height=\"385\" data-src=\"https:\/\/www.kiwoko.com\/blogmundoanimal\/wp-content\/uploads\/2025\/12\/el-mejor-invierno-con-tu-gato.jpg\" alt=\"invierno con tu gato\" class=\"wp-image-52946 lazyload\" data-srcset=\"https:\/\/www.kiwoko.com\/blogmundoanimal\/wp-content\/uploads\/2025\/12\/el-mejor-invierno-con-tu-gato.jpg 850w, https:\/\/www.kiwoko.com\/blogmundoanimal\/wp-content\/uploads\/2025\/12\/el-mejor-invierno-con-tu-gato-300x136.jpg 300w, https:\/\/www.kiwoko.com\/blogmundoanimal\/wp-content\/uploads\/2025\/12\/el-mejor-invierno-con-tu-gato-768x348.jpg 768w\" data-sizes=\"(max-width: 850px) 100vw, 850px\" src=\"data:image\/svg+xml;base64,PHN2ZyB3aWR0aD0iMSIgaGVpZ2h0PSIxIiB4bWxucz0iaHR0cDovL3d3dy53My5vcmcvMjAwMC9zdmciPjwvc3ZnPg==\" style=\"--smush-placeholder-width: 850px; --smush-placeholder-aspect-ratio: 850\/385;\" \/><\/figure>\n<!-- \/wp:image -->","protected":false},"excerpt":{"rendered":"<p>Contrario a lo que se piensa, el pelaje de los gatos no los protege del fr\u00edo, no del todo. Y es que los gatos son animales de sangre caliente o homeotermos, por lo que necesitan una temperatura ambiente ideal para que el gato no pase fr\u00edo ni se enferme. \u00bfCu\u00e1l es la temperatura ambiente ideal [&hellip;]<\/p>\n","protected":false},"author":40,"featured_media":52947,"parent":0,"menu_order":0,"comment_status":"closed","ping_status":"closed","template":"","meta":{"_acf_changed":false,"footnotes":""},"class_list":["post-52944","page","type-page","status-publish","has-post-thumbnail","hentry"],"acf":[],"_links":{"self":[{"href":"https:\/\/www.kiwoko.com\/blogmundoanimal\/wp-json\/wp\/v2\/pages\/52944","targetHints":{"allow":["GET"]}}],"collection":[{"href":"https:\/\/www.kiwoko.com\/blogmundoanimal\/wp-json\/wp\/v2\/pages"}],"about":[{"href":"https:\/\/www.kiwoko.com\/blogmundoanimal\/wp-json\/wp\/v2\/types\/page"}],"author":[{"embeddable":true,"href":"https:\/\/www.kiwoko.com\/blogmundoanimal\/wp-json\/wp\/v2\/users\/40"}],"replies":[{"embeddable":true,"href":"https:\/\/www.kiwoko.com\/blogmundoanimal\/wp-json\/wp\/v2\/comments?post=52944"}],"version-history":[{"count":3,"href":"https:\/\/www.kiwoko.com\/blogmundoanimal\/wp-json\/wp\/v2\/pages\/52944\/revisions"}],"predecessor-version":[{"id":53025,"href":"https:\/\/www.kiwoko.com\/blogmundoanimal\/wp-json\/wp\/v2\/pages\/52944\/revisions\/53025"}],"wp:featuredmedia":[{"embeddable":true,"href":"https:\/\/www.kiwoko.com\/blogmundoanimal\/wp-json\/wp\/v2\/media\/52947"}],"wp:attachment":[{"href":"https:\/\/www.kiwoko.com\/blogmundoanimal\/wp-json\/wp\/v2\/media?parent=52944"}],"curies":[{"name":"wp","href":"https:\/\/api.w.org\/{rel}","templated":true}]}}